4 + -213?
-205
In base 4, what is -302 + -11?
-313
In base 10, what is -3 + -1?
-4
In base 10, what is -25 - -20?
-5
In base 2, what is -11011 + -11?
-11110
In base 6, what is 245 + -5?
240
In base 8, what is 0 + 62?
62
In base 16, what is ddd + 3?
de0
In base 13, what is -7 + 89?
82
In base 5, what is -3 - 113?
-121
In base 4, what is 11 - -21121?
21132
In base 3, what is -2020 - 0?
-2020
In base 15, what is -1 + 10e?
10d
In base 4, what is -1 + 12303?
12302
In base 12, what is -1 + -3b?
-40
In base 10, what is 5 + -7833?
-7828
In base 3, what is -2 + 2?
0
In base 5, what is 3 - -41?
44
In base 7, what is 1061 + 54?
1145
In base 2, what is -100010101110 + 101?
-100010101001
In base 2, what is 1001 - 10001?
-1000
In base 16, what is 1fa + -1?
1f9
In base 14, what is 2d + 1?
30
In base 13, what is 26 - -58?
81
In base 2, what is 11110011110110 - -1?
11110011110111
In base 16, what is 22c + -1?
22b
In base 14, what is 8 + 36?
40
In base 7, what is -211 + 1?
-210
In base 5, what is -10 - -12131?
12121
In base 16, what is -1 + -2de?
-2df
In base 5, what is 31 - 10111?
-10030
In base 2, what is -101101 - 10010110?
-11000011
In base 14, what is 281 + -10?
271
In base 4, what is 22100 - 21?
22013
In base 2, what is 100 + 101010?
101110
In base 14, what is 29 + 1bc?
207
In base 13, what is 811 + -3?
80b
In base 8, what is -76 + -3?
-101
In base 16, what is 7 - 2df?
-2d8
In base 9, what is -6 - 442?
-448
In base 6, what is 4 + 1032?
1040
In base 13, what is -34 + -2?
-36
In base 11, what is 5 + -1303?
-12a9
In base 14, what is -11 + -1b4?
-1c5
In base 8, what is 1 + -56?
-55
In base 3, what is -12 + 0?
-12
In base 4, what is 2220210 + 0?
2220210
In base 14, what is 173 - -2?
175
In base 3, what is 21002 + 102?
21111
In base 12, what is 9 + -15?
-8
In base 13, what is 1b + 1?
1c
In base 10, what is 138 - -6?
144
In base 12, what is 5b + 5?
64
In base 7, what is 1066 - -2?
1101
In base 8, what is -53 - -4?
-47
In base 4, what is -203022 + -22?
-203110
In base 6, what is -424 + 43?
-341
In base 9, what is -12 + -140?
-152
In base 10, what is -43 - 286?
-329
In base 5, what is 311 - -3?
314
In base 5, what is -243 - 43?
-341
In base 5, what is -2 + -322?
-324
In base 5, what is 230 + -4?
221
In base 3, what is -120200 + -11?
-120211
In base 14, what is 1 + 17?
18
In base 16, what is -10 + -3c?
-4c
In base 9, what is -6 + -11?
-17
In base 2, what is -100111 + 100?
-100011
In base 2, what is 10101111 - 1?
10101110
In base 6, what is -40 - -13?
-23
In base 6, what is 5552 - 0?
5552
In base 7, what is -330 + -3?
-333
In base 11, what is 148 - 6?
142
In base 6, what is -211 + 11?
-200
In base 3, what is -212 - -1?
-211
In base 12, what is 39 + -6?
33
In base 11, what is -7 - 19?
-25
In base 10, what is 0 - -1?
1
In base 14, what is b - -8c?
99
In base 16, what is 5 - -e?
13
In base 16, what is 3 + 106c?
106f
In base 2, what is 1110000010 + 1?
1110000011
In base 11, what is 4 - 7?
-3
In base 12, what is -2 - 3b?
-41
In base 3, what is -110012 - 12?
-110101
In base 8, what is 0 + 2356?
2356
In base 8, what is 346 + 25?
373
In base 8, what is 2 - -56?
60
In base 10, what is 0 - -187?
187
In base 8, what is 2702 + 4?
2706
In base 14, what is -2103 + -1?
-2104
In base 2, what is -10001001000 + -100?
-10001001100
In base 13, what is -118 + 46?
-a2
In base 4, what is 13 + -30?
-11
In base 10, what is 4603 - -1?
4604
In base 14, what is -d36 - 5?
-d3b
In base 15, what is 4 - -1da5?
1da9
In base 3, what is 12210 - 1?
12202
In base 10, what is -15 + 1?
-14
In base 7, what is -12642 + 6?
-12633
In base 15, what is 6ec + -2?
6ea
In base 4, what is -22 - 31112?
-31200
In base 12, what is 7 - 21?
-16
In base 12, what is -1 - 3311?
-3312
In base 16, what is 87 - -2?
89
In base 6, what is -13 + 0?
-13
In base 15, what is c7 - 4?
c3
In base 8, what is -3 + 14?
11
In base 7, what is 0 + -434?
-434
In base 8, what is 12 - 45?
-33
In base 8, what is -5 + 707?
702
In base 5, what is 3 - 21200?
-21142
In base 3, what is 11 - -122120?
122201
In base 8, what is -43 - -5?
-36
In base 16, what is 10 - -7?
17
In base 13, what is 14 + -32c?
-318
In base 16, what is -18 - -c?
-c
In base 10, what is -191 - 28?
-219
In base 9, what is -5068 + -5?
-5074
In base 7, what is -60 + 2?
-55
In base 10, what is -2 - 47?
-49
In base 11, what is 20 - -a?
2a
In base 7, what is 20 - 524?
-504
In base 14, what is -3d - 15?
-54
In base 4, what is -3 - -31?
22
In base 3, what is -102 - -111?
2
In base 13, what is -3b - -196?
158
In base 4, what is 21322 - 1?
21321
In base 3, what is 111 + -11102?
-10221
In base 13, what is 7aa - 0?
7aa
In base 4, what is 111 + 1?
112
In base 6, what is 52 + -1?
51
In base 9, what is -1123 - 8?
-1132
In base 13, what is 2 - 372?
-370
In base 12, what is 1 + -2b?
-2a
In base 7, what is 3 - 111?
-105
In base 2, what is 10 + -101111?
-101101
In base 12, what is 35 - 6?
2b
In base 9, what is 1 - 838?
-837
In base 2, what is -111101001 + -100?
-111101101
In base 9, what is 8 + -65?
-56
In base 2, what is 1011 + -11010?
-1111
In base 9, what is 366 + -44?
322
In base 12, what is 23 - -12?
35
In base 13, what is -5c4a - -4?
-5c46
In base 7, what is 20062 - 5?
20054
In base 2, what is -100 - 111101110?
-111110010
In base 12, what is -1 + -47?
-48
In base 9, what is -3675 + -5?
-3681
In base 2, what is -1101110 - 100?
-1110010
In base 4, what is -1 + 1022320?
1022313
In base 13, what is -40c + 1?
-40b
In base 9, what is 20 + -266?
-246
In base 12, what is 742 - 4?
73a
In base 4, what is 131 + 3?
200
In base 5, what is -404 + 10?
-344
In base 9, what is -1 - -122?
121
In base 11, what is -4 - -208?
204
In base 7, what is -54 + -162?
-246
In base 6, what is -122 - -201?
35
In base 10, what is -20 - 6?
-26
In base 5, what is -102240 - 10?
-102300
In base 5, what is 0 - -211?
211
In base 13, what is a7b - -1?
a7c
In base 9, what is -4 - 11050?
-11054
In base 14, what is -5 + 862?
85b
In base 11, what is 2a5 - -4?
2a9
In base 6, what is -2 - 102?
-104
In base 16, what is -303d - 5?
-3042
In base 11, what is 3 + 63?
66
In base 9, what is 1740 + 0?
1740
In base 2, what is 11010101101010 - -101?
11010101101111
In base 5, what is 2 + -241?
-234
In base 2, what is -11010 - 110101?
-1001111
In base 11, what is 81 + -19?
63
In base 15, what is -6 + -e1?
-e7
In base 6, what is -3 + 34425?
34422
In base 13, what is 6 + -12?
-9
In base 5, what is -10 + 2441?
2431
In base 2, what is -1 - 101000010000?
-101000010001
In base 13, what is 18 - 175?
-15a
In base 16, what is 4 - 22?
-1e
In base 7, what is -1215 - -102?
-1113
In base 14, what is 72b - -5?
732
In base 15, what is 0 + -51?
-51
In base 5, what is -141 - 12?
-203
In base 15, what is 127 + -3?
124
In base 10, what is -51 - -13?
-38
In base 5, what is 131 + -10?
121
In base 6, what is 2222 + 4?
2230
In base 8, what is -14 + -106?
-122
In base 4, what is -30 - -11?
-13
In base 7, what is 1020 - -5?
1025
In base 13, what is -2 + -38?
-3a
In base 12, what is -18 + -5?
-21
In base 5, what is -3 - -4241?
4233
In base 15, what is 3e - 9?
35
In base 4, what is 3 - 200132?
-200123
In base 13, what is 4 + 365?
369
In base 3, what is -2 - 1210?
-1212
In base 15, what is -c48 + 3?
-c45
In base 9, what is -240 + 1?
-238
In base 13, what is -5 - -a5?
a0
In base 2, what is 10110 + -10?
10100
In base 3, what is -10 + -2110?
-2120
In base 15, what is -241 - 5?
-246
In base 13, what is 5 + -156?
-151
In base 11, what is -9a1 + -6?
-9a7
In base 14, what is -3 + 3d?
3a
In base 8, what is -16 - -2?
-14
In base 5, what is -2003 + -114?
-2122
In base 16, what is 1 - 33c?
-33b
In base 9, what is -1 + 5?
4
In base 2, what is -11001011 + 1?
-11001010
In base 12, what is -14 - -32?
1a
In base 7, what is -414 - -3?
-411
In base 11, what is 11 - 804?
-7a3
In base 10, what is 563 - -3?
566
In base 12, what is 2a0 + -5?
297
In base 15, what is 25cb + -4?
25c7
In base 5, what is -42221 - -2?
-42214
In base 15, what is -12 + 22?
10
In base 5, what is 13023 - 1?
13022
In base 16, what is 5 - -1f3?
1f8
In base 12, what is -35 + 1?
-34
In base 14, what is 18 - d?
9
In base 12, what is 5 + -1981?
-1978
In base 16, what is -1 + 33?
32
In base 4, what is 21031 - 11?
21020
In base 9, what is -5 - -1340?
1334
In base 7, what is -13 + -13?
-26
In base 14, what is 21 + -3d?
-1c
In